(3)?
2
Suppose -5*l + 4*b = -90 - 73, 0 = l + 3*b - 25. Let k = l + -18. What is the units digit of k?
3
Suppose -18 + 3 = -5*h. Let r be (h/3 + -45)*-2. What is the tens digit of 1/3 - r/(-6)?
1
Suppose -3*j - j = 8. Let s(d) = 3*d**3 + 55*d - 59*d - 3 - d**3 - d**3 + 3*d**2. What is the units digit of s(j)?
9
Suppose 0 = 3*z - 49 - 26. What is the tens digit of z?
2
Suppose 7*z - 87 = 4*z - 4*r, 0 = -4*z + 2*r + 138. What is the tens digit of z?
3
What is the units digit of (-918)/117 - -8 - 76/(-13)?
6
Suppose 0 = -4*k + 830 - 90. What is the units digit of k?
5
Let x(o) = 1 + 0*o + 3*o + 4*o**2 + o**3 + 2*o - 4*o. Suppose 0 = 4*i - 3 + 15. What is the units digit of x(i)?
7
Suppose -5*j + 31 = 3*q, 0 = 3*q + 2*q + j - 15. What is the units digit of q?
2
Let f be (-3)/(2/(-15 - -1)). Let c = 31 - f. What is the tens digit of c?
1
Let w(m) be the second derivative of m**4/12 + m**3/2 + 2*m. Let i be w(-2). Let c = 4 - i. What is the units digit of c?
6
Let r(b) = b**2 + 7*b - 6. Let j be r(-7). Let s(v) = -v**2 - 8*v - 8. Let o be s(j). What is the units digit of 30/o - (-3)/6?
8
Suppose 0*z - 5*z = -190. What is the units digit of z?
8
Let r = 10 + -15. What is the units digit of 6/r*30/(-12)?
3
Let t(j) = -1 - 4*j**3 + 2*j**3 + 3*j**3 + 0*j**3 + 6*j**2. Let n be t(-5). What is the units digit of (-8)/(-16)*(0 + n)?
2
What is the units digit of ((-36)/10)/(2/(-5))?
9
Let o(u) = 4*u**2 + 6*u - 11. What is the tens digit of o(-8)?
9
Let k(l) = -l**3 - 7*l**2 - l - 8. Let p be k(-7). Let h = 4 + p. What is the units digit of h?
3
Let a be 0 + 0 + 3 + -3. Suppose a = 4*b + 4*r - 156, b + 13 = 4*r + 72. What is the units digit of b?
3
What is the units digit of 3 + -3 - 51/(-1)?
1
Let i(d) = d**2 - d + 315. What is the tens digit of i(0)?
1
Suppose 7 = 2*j + 1. Let z = -2 + j. What is the units digit of -2 - (-2 - z) - -17?
8
Let x(q) = 4*q**2 - 3*q - 11. What is the units digit of x(5)?
4
What is the units digit of 45/(-60) - (-39)/4?
9
Let c(z) = 2 + z**3 - 2*z**2 + 2*z + 0*z**2 - 1. Let l be c(2). Suppose -3*g + l + 20 = 4*p, -2*p - g = -13. What is the units digit of p?
7
Suppose -5*a - c + 25 = -3*a, c = -3*a + 37. What is the units digit of a?
2
Let l = -7 - -11. Let w(d) = -d**3 + 5*d**2 - 4*d + 5. Let n be w(l). Suppose -10 = -7*y + n*y, -2*y + 50 = 4*u. What is the tens digit of u?
1
Let p(g) = g**2 - 4*g - 2. Let d(h) = -h**2 + 3*h + 1. Let k(x) = 3*d(x) + 2*p(x). Let l be k(2). What is the units digit of (-6)/(-8)*(l - -7)?
3
Let m(w) = -w**3 - 23*w**2 - 6*w - 19. What is the units digit of m(-23)?
9
What is the tens digit of (-6)/33 + 1000/55?
1
Suppose -18 - 27 = 5*y. Let m(q) = q**3 + 8*q**2 - 9*q + 3. Let c be m(y). Suppose 27 = c*z - 6. What is the units digit of z?
1
Let d = 61 + 20. What is the tens digit of d?
8
Let b = 10 - -2. What is the units digit of b?
2
Suppose 2*c + c - 99 = 0. What is the units digit of 2/(-1 - c/(-27))?
9
Suppose -4*p + 80 = 2*s, -3*s - 2*p - p = -105. Suppose 2*z - z - s = 0. What is the units digit of z?
0
Let s(c) = -c - 4. Let w be s(-6). Suppose 14 = -w*m + 6. What is the units digit of m/8 + 10/4?
2
Let k(n) = -n**2 - 7*n - 4. Let a be k(-8). Let h be -1 + (-5)/(15/a). Suppose -d = -3*c - h*d + 9, 0 = -4*c + 4*d + 12. What is the units digit of c?
3
Let u(g) be the first derivative of g**5/20 + g**4/4 - g**3/6 - g + 2. Let l(r) be the first derivative of u(r). What is the units digit of l(-2)?
6
Let j = -22 - -38. What is the units digit of j?
6
Let f = 159 - 108. Suppose -5*u - 4*q + 185 = 0, -q - q - f = -u. What is the tens digit of u?
4
Suppose 0 = 3*n - 3*c - 0*c - 6, 0 = -4*n + 3*c + 7. Let s be (21/35)/(n/5). Suppose 4*h = s*z + 56, -2*h - h = 5*z - 13. What is the units digit of h?
1
Let o(l) = l - 5. Let g be o(7). Suppose 5*r = g*t + 68, 4*r + 35 - 86 = 5*t. What is the tens digit of r?
1
Suppose 0 = r - 2*m, 0*r = -2*r + 3*m. Suppose r = -5*j + 83 + 52. What is the tens digit of j?
2
Suppose 2*g = 5*g + 2*f - 14, f - 4 = 0. Suppose -2*m - g*k = -18, -5*m - k = 2*k - 47. What is the units digit of m?
0
Let z(m) = -m**2 + 10. Let a = 5 + -5. What is the tens digit of z(a)?
1
Let j(a) = 7*a**2 - 21. What is the units digit of j(-4)?
1
Suppose 0 = 9*l - 316 - 953. What is the units digit of l?
1
Let v(t) = -t**3 - t**2 + 1. Let z(f) = f**2 + 1. Let o be z(0). Suppose 3*g + 4 = o. What is the units digit of v(g)?
1
Let g(u) = -u - 2. Let f be g(-3). Let x be ((-2 - -2)/1)/f. What is the units digit of (1 - x)/(5/40)?
8
Suppose -t - 3*m = -240, 3*t - 2*t - 219 = 4*m. What is the tens digit of t?
3
What is the units digit of (172 - -5 - -3) + -2?
8
Let h(k) = 17*k**3 - 3*k**2 + k - 1. What is the tens digit of h(2)?
2
Suppose 0 = l - 18 - 2. What is the units digit of l?
0
Let b(f) = -11*f**2 - 6 + 4 + 4*f**2 + f**3 - f - 6. Let y be b(7). What is the units digit of (-3)/(-12) + y/(-4)?
4
Suppose 4*w - 2*l = -l + 8, -5*w + 3*l + 17 = 0. What is the units digit of (w + -2)/(1/(-2))?
2
Suppose k = 3 - 1. Suppose 0 = k*d + 1 - 5. What is the units digit of -3*(d - (-14)/(-6))?
1
What is the tens digit of (-3)/(-4) + 1715/28?
6
Suppose 0 = o + 2*g - 9 - 1, -3 = -3*g. Suppose t + o = 3*w - 1, -4*w + t + 11 = 0. Suppose r - 7 = 5*k, 2 = w*k + 4. What is the units digit of r?
2
Let o = -31 + 61. What is the tens digit of o?
3
Let y = -17 - -12. What is the units digit of 6/(-8)*(y + -7)?
9
Let q be 1/((-87)/30 + 3). What is the units digit of (12/q)/((-9)/(-240))?
2
Let r = 441 + -268. What is the tens digit of r?
7
Let x(y) = y + 2. Let j be x(-2). What is the tens digit of j/(-1) + 3 + 18?
2
Suppose 8*c - 13*c = -680. Suppose -g + i + c = 3*g, -2*g - 2*i = -78. What is the units digit of g?
5
What is the units digit of ((-22)/(-3))/((-4)/(-18))?
3
Suppose 0*s - 2*s + 4*c - 18 = 0, 4*s - 2*c + 18 = 0. Let v = s + 1. What is the units digit of 0 - (5 + 1)/v?
3
What is the units digit of ((-9)/(-6))/((-12)/(-488))?
1
Let s be -1*3 + 1 + 10. Let n(o) = -3*o**2 - 2*o + 2. Let i be n(1). Let z = s + i. What is the units digit of z?
5
Let d be (-3 + -27)/3 + -3. Let t = -8 - d. What is the units digit of t?
5
What is the units digit of (1235/(-10)*-2)/1?
7
Let m be (0 + -1 + 4)*-1. Let t(y) = -y**2 - 4*y. What is the units digit of t(m)?
3
Suppose 0*p = 4*p - 5*r - 1, 2*r = -4*p - 34. Let q be p + 2/(-6)*0. Let a = -4 - q. What is the units digit of a?
2
Let g be 8*4/8 + 0. Suppose 4*v = -0*q + q - 4, 36 = g*q + 4*v. What is the units digit of q?
8
Let n(z) = -z**2 - 6*z - 2. What is the units digit of n(-4)?
6
Let h = -5 + -4. Let c = h - -12. What is the units digit of c?
3
Let x be -2*(-1)/3*-24. Let l = x - -28. What is the tens digit of l?
1
Suppose -3*p - 3*d = -246, -543 = -4*p + 4*d - 215. Let s(b) = b - 7. Let l be s(7). Suppose l = -3*i + v + 46, -v + p - 16 = 5*i. What is the tens digit of i?
1
Let i(r) = -r + 6. Let v = -4 - -10. Let h be i(v). Let k(j) = j + 14. What is the tens digit of k(h)?
1
Suppose 36 + 16 = 4*c. Suppose -s + c = -6. What is the tens digit of s?
1
What is the units digit of (-6)/9 + (-329)/(-3)?
9
Let m(z) = z**2 + z - 2. Let i be m(-2). Suppose n + 13 = 4*j, 2 = n - j - i. Suppose n*s - 8 = 3*s. What is the units digit of s?
2
Let b(y) = -2*y**2 + y - 3. Let o be b(3). What is the tens digit of (-144)/(-14) - o/(-63)?
1
Let p(g) = 61*g**2 - 2*g + 1. What is the units digit of p(1)?
0
Let s(d) = 2*d**3 + 43*d**2 - 32*d - 8. What is the tens digit of s(-22)?
1
Let h = -12 + 9. What is the units digit of (-1)/((6/34)/h)?
7
Suppose m + 2*m - 4*a = 25, -5*m = 5*a + 5. Suppose 24 = 3*s - 0*s. Suppose -5*c = 3*u - 1, -2*c + m*u + s = -5. What is the units digit of c?
2
Suppose -6 = 4*n + 5*d, d + 6 = 4*n - 0. What is the tens digit of n/(3/39) + -1?
1
Let t(m) = 3*m**3 - m - 1. Let j be t(-1). Let n = 12 + j. What is the units digit of n?
9
Suppose -2*w + 118 = 3*z, -85 = -5*z + 3*z + 5*w. What is the units digit of z?
0
Let z = 14 - 14. Let n be -1*(1/(-1))/1. Let f = n + z. What is the units digit of f?
1
Suppose -f - 173 = -4*z, -3*z - 3*f + 2*f = -128. What is the tens digit of z?
4
Suppose 4*u = -2*p - 32, -3*p + 0*p = -5*u - 7. What is the tens digit of 8/p*36/(-2)?
2
Suppose 6*l = l + 140. What is the tens digit of l?
2
Suppose -138 - 62 = -5*s. Suppose 5*k = -5